z) - 4*t(z). Suppose 4*i = -2*m - 8, -3*i - 10 = 2*m - i. What are the prime factors of v(m)?
13
Suppose -12*o = -1031 - 2221. What are the prime factors of o?
271
Let k(r) = -r**2 - 11*r + 2. Let l be k(-11). Suppose 2*h - q - 27 - 35 = 0, l*q = h - 34. What are the prime factors of h?
2, 3, 5
Suppose 5*d + 0*d - 160 = 0. What are the prime factors of d?
2
Suppose 12 = 2*m - 2. Suppose -m*x + 2*x = -15. Suppose -x*p - 15 = -2*y, y - p - p = 7. What are the prime factors of y?
3
What are the prime factors of (-4)/30 - (-27204)/180?
151
Let k(b) = -b**3 + 8*b**2 + 2*b + 8. List the prime factors of k(8).
2, 3
What are the prime factors of (0 + 0 - 7)*-2?
2, 7
Suppose -q - 4*p = -45, 4 = -5*p + 4*p. List the prime factors of q.
61
Let h = 0 - -4. Let x(j) be the first derivative of j**2 - 4*j + 3. What are the prime factors of x(h)?
2
Let p = 15 - 7. Suppose p*j - 32 = 4*j. List the prime factors of j.
2
Suppose 5*n - y + 1108 = 0, -n - 103 = -5*y + 133. Let p be n/(-4) - 2/8. Let f = p + -37. List the prime factors of f.
2, 3
Let h(r) = r**3 + 6*r**2 - 8*r - 4. Let q be h(-7). What are the prime factors of 117/6*2/q?
13
Let v(h) = -h**2 + h + 6. Let c be v(3). Let y = 6 + c. List the prime factors of y.
2, 3
Let d = -47 + 86. List the prime factors of d.
3, 13
Let r(l) = l**2 + 2*l + 7. What are the prime factors of r(8)?
3, 29
Let f = 28 + -13. What are the prime factors of f?
3, 5
Let r(u) = u**2 + 6*u - 13. List the prime factors of r(-14).
3, 11
Let w(c) = c**2 - 6*c + 5. Let h be w(5). Suppose h = -3*x + x + 42. List the prime factors of x.
3, 7
Let f(m) = m**2 - 10*m + 11. Let z be f(8). Let r(w) = 2*w**2 - 3*w + 5. Let l be r(z). Suppose 9*h - 4*h = l. List the prime factors of h.
2, 7
Let o = 4 - 2. Suppose 0 = 5*t - 4 - 16. Let m = t - o. List the prime factors of m.
2
Let s(u) = u + 1. Let y be s(2). Let n = y - -9. What are the prime factors of n?
2, 3
Suppose -4*v = -2*w, -v - 5*w = 4*v - 15. Let p be ((-21)/(-3))/(0 - v). Let l = 18 + p. List the prime factors of l.
11
Let n be (-190)/(-45) + (-4)/18. Suppose -n*b + 29 = -31. What are the prime factors of b?
3, 5
Let w = 28 - 7. List the prime factors of w.
3, 7
Let l be (-15)/(-10) - (-1)/2. Suppose w + 0*p - 10 = -p, -l*p - 12 = -2*w. List the prime factors of (0 - -14)/(w/12).
3, 7
Suppose -1947 = -20*f + 2293. What are the prime factors of f?
2, 53
Let s(l) = l**2 + 6*l + 4. Let r be s(-6). Suppose m = -r*x + 18, -2*m + 3*x + 0*x + 47 = 0. What are the prime factors of m?
2, 11
Let t be (13/(-3))/((-4)/12). Suppose -2*a - 4*n = -28, -1 = a + n - t. What are the prime factors of a?
2, 5
Suppose -36 = -x + 2*z, 19 = x - z - 18. What are the prime factors of x?
2, 19
Suppose -3*k = k - m - 164, 4*k + m - 172 = 0. What are the prime factors of k?
2, 3, 7
Let j(b) = -b**3 - b**2 + 16. Let v be j(0). Let c = 32 - v. List the prime factors of c.
2
Let f = 0 + -3. Let d be f/(9/(-93)) + -3. Suppose -r - d = -5*r. What are the prime factors of r?
7
Let k(z) = -z**3 - 3*z**2 + 7. Let y be k(-3). Let s(v) = -v**3 + 9*v**2 - 9*v - 8. List the prime factors of s(y).
3
Suppose 2*a - 5*k = 227, 5*a + 2*k - 265 = 375. Let v = a + -88. What are the prime factors of v?
2, 19
Let u = 43 + -19. List the prime factors of u.
2, 3
Let m(p) = 1. Let j(l) = l**2 - 4*l - 7. Let y(b) = j(b) + 4*m(b). Let c be y(4). List the prime factors of (c - -1)*(-1)/1.
2
Let b(l) = l**3 - 21*l**2 + 6*l - 31. List the prime factors of b(21).
5, 19
Suppose -4*u = 4*p + 24, -16 = 5*p - p. Let q be 1*1*(u + 1). What are the prime factors of (24 - 0)*q/(-2)?
2, 3
Let o be (-6 + -6)*(-1)/4. Suppose 0 = -5*b + 4*h + 42 + 49, -o*b = -2*h - 55. What are the prime factors of b?
19
Suppose -4*g - 682 = -3*i - 8*g, 0 = -2*i + 3*g + 449. List the prime factors of i.
2, 113
Let d(i) = 19*i**3 - 2*i - 1. Let f be d(-1). Suppose 0 = 5*r - 202 + 77. Let s = r + f. List the prime factors of s.
7
Let b(h) = -h**3 + 6*h**2 + 7*h. Let z be b(7). Suppose 4*s - 56 = -z*s. What are the prime factors of s?
2, 7
Let s be (-47)/9 + 6/27. Let q be (-49)/s - (-5)/25. Suppose 0 = -5*x + 70 - q. List the prime factors of x.
2, 3
Let a be -2 + (-8 + 3 - 1). Let f(n) = -n**3 - 5*n**2 - 4*n - 4. Let k be f(-4). Let d = k - a. List the prime factors of d.
2
Suppose 3 = u - 2. List the prime factors of u.
5
Let g(i) = -i**3 + 8*i**2 - 7*i + 18. List the prime factors of g(6).
2, 3
Let d = -18 + 18. Suppose d = v + 12 - 32. List the prime factors of v.
2, 5
Let y(g) = g**3 - 8*g**2 - 14*g + 20. What are the prime factors of y(10)?
2, 5
Let b = -9 - -3. Let a = 11 + b. Let l(i) = -i**2 + 6*i + 3. What are the prime factors of l(a)?
2
Let n be ((-3)/(-4))/(1/4). Suppose -2*d = -u - 5*d + n, -u - d + 3 = 0. Suppose -3*i = 3*l - 54, u*l + 0*l = 3*i - 48. What are the prime factors of i?
17
Suppose 4*q - 9 = 23. Let y be (-6)/q*(-2 + -2). Suppose 14 = 2*f - 4*o, -o - y*o = f - 19. What are the prime factors of f?
11
Let m(f) = f + 8. Let r(v) = -v. Let i be r(5). Let q be m(i). Let t = q + 6. List the prime factors of t.
3
Let o = 10 - 14. List the prime factors of ((-62)/o)/((-1)/(-2)).
31
Let x = 41 + -64. Let p = x + 49. List the prime factors of p.
2, 13
Let t(h) = 15*h + 2. Let u be t(2). Suppose -4*l + u = -0*l. Suppose 3*r - 4*z + 15 - 59 = 0, l = r + 2*z. What are the prime factors of r?
2, 3
Suppose -l - 3*c + 18 = 0, 5*l = -3*c + 38 - 8. Suppose -5*a + l*m = -86, 3*a - 5*m = -0*a + 58. Suppose 0*b = -4*b + a. List the prime factors of b.
2
Let b = 46 - 19. List the prime factors of b.
3
Let g(x) = 13*x - 1. Let l = -9 - -4. Let r = l + 6. List the prime factors of g(r).
2, 3
Suppose -2*z - 6 = 14. Let w be 226/z - 4/10. Let c = 34 + w. List the prime factors of c.
11
Let i be (-86)/(-6) - 6/18. Suppose 4*h + 46 = -i. What are the prime factors of (2 - 22)*6/h?
2
Let x(a) = -a**3 - 12*a**2 + 8*a + 3. Let d(u) = u**3 + 11*u**2 - 8*u - 2. Let p(o) = 6*d(o) + 5*x(o). What are the prime factors of p(-6)?
3, 17
Suppose -3*t + 1 = -4*n - 7, 4*n = 4. Suppose t*y - 38 = -2*h, -5*y + 3*h + 58 = 2*h. What are the prime factors of y?
11
Suppose -18 = -4*l - u - 6, l - 2*u - 12 = 0. Suppose 4*t = -l*y - 19 + 127, 2*t + 33 = y. List the prime factors of y.
29
Let s = -2 - -219. What are the prime factors of s?
7, 31
Let c(z) = z**2 - 3*z + 7. What are the prime factors of c(3)?
7
Let n(u) = u**2 - 7*u + 22. List the prime factors of n(-7).
2, 3, 5
Let b(n) = 2*n + 7. Suppose -x - 5 = -11. What are the prime factors of b(x)?
19
Suppose 4*b - 7 = 9. Suppose -13 = -5*a + b*a. What are the prime factors of a?
13
Let h = -99 + 70. Let c = -7 - h. What are the prime factors of c?
2, 11
Let o(w) = 15*w - 5. What are the prime factors of o(5)?
2, 5, 7
List the prime factors of (1/2)/(6/36).
3
Suppose -b + 27 + 41 = 0. List the prime factors of b.
2, 17
Suppose -3*z + 208 = z. Let u = z - 28. Let f = u - 14. What are the prime factors of f?
2, 5
Let s(i) = 1 - 3*i - 1 - 7 + 2. What are the prime factors of s(-5)?
2, 5
Let l(o) = 10*o**2 + 10*o. What are the prime factors of l(-6)?
2, 3, 5
Let n(g) = -g**3 - 4*g - 1. List the prime factors of n(-3).
2, 19
Suppose -4*k + 1030 = 238. What are the prime factors of k?
2, 3, 11
Suppose j - 28 = -4*y + 21, 4*j = 4*y + 116. Suppose -n - 11 = -j. List the prime factors of n.
2, 11
Suppose -3*q = -4*q + r + 375, -2*q + 762 = 2*r. What are the prime factors of q?
2, 3, 7
Let c(w) = 4 - 2 + 3 + w**2 + w**3 + 4*w**2 + 4*w. List the prime factors of c(-4).
5
Let i = -11 + 36. Let o = -2 + i. List the prime factors of o.
23
Suppose 0 = 2*s + 2*s - 48. Suppose -c = 2*d - 4*c + 2, -3*c + s = 0. Suppose d*r - 2*r = 45. What are the prime factors of r?
3, 5
Suppose -s + 80 = -2*r, 6*s = s + 2*r + 432. List the prime factors of s.
2, 11
Let z(y) = y**2 + 4*y + 15. What are the prime factors of z(-10)?
3, 5
Let i be (1 - -2)*60/9. Suppose x = 3*x - i. What are the prime factors of x?
2, 5
Suppose 4*t + 81 = -5*f, 3*f - 18 = 4*f - t. Let d = -12 - f. What are the prime factors of d?
5
Let c be 1344/15 - 2/(-5). Suppose -c = -3*l - 2*l. Suppose -5*v + 78 = l. List the prime factors of v.
2, 3
Let a(r) = -4*r - 3. Let t be a(-6). Let k = t - 7. List the prime factors of k.
2, 7
Suppose -b = -4*b + 222. Suppose m + m = b. What are the prim